) = -u**3 + 19*u**2 - 77*u + 15. Determine t(13).
28
Let o(m) = -m**3 + m**2 - 6*m + 694. Calculate o(0).
694
Let r(z) = z**3 + 20*z**2 - 191*z + 14. Determine r(-27).
68
Let b(h) = 2526*h + 15142. Give b(-6).
-14
Let i(z) = 2*z**3 - 77*z**2 + 273*z + 3. Give i(4).
-9
Let b(h) = -114*h - 2147. Calculate b(-19).
19
Let d(s) = -10*s**2 - 272*s - 67. Calculate d(-27).
-13
Let y(g) = 5*g**3 + 190*g**2 - 8*g - 312. Calculate y(-38).
-8
Let o(g) = 365*g - 736. What is o(2)?
-6
Let u(j) = 14*j**2 + 46*j - 45. Determine u(-10).
895
Let w(b) = -49*b - 4284. Give w(-91).
175
Let u(i) = 132*i - 2667. Give u(20).
-27
Let y(m) = -4*m**2 - 54*m - 85. What is y(-15)?
-175
Let r(d) = 1784*d + 23193. Calculate r(-13).
1
Let w(z) = 230*z + 22251. Give w(-96).
171
Let o(n) = n**3 - 99*n**2 - 312*n + 11099. Give o(101).
-11
Let m(x) = 161*x - 316. Determine m(2).
6
Let b(y) = 39*y + 71. Calculate b(-3).
-46
Let u(f) = -f**3 - 37*f**2 + 71*f - 260. Give u(-39).
13
Let t(q) = 6*q**2 + 214*q + 54. Calculate t(-36).
126
Let w(q) = -q**3 + 23*q**2 - 25*q + 26. Calculate w(22).
-40
Let s(z) = -24*z + 1211. Determine s(50).
11
Let x(z) = -7*z - 177. Give x(-8).
-121
Let d(u) = -u**3 + 368*u**2 + 1116*u. Determine d(-3).
-9
Let y(p) = 255*p - 46. Determine y(0).
-46
Let n(w) = -8*w - 323. Calculate n(-24).
-131
Let a(r) = r**2 - 2*r + 18. Calculate a(5).
33
Let x(i) = -4*i**2 - 206*i - 371. Determine x(-50).
-71
Let h(l) = -l**3 - 37*l**2 + 52*l + 1955. Calculate h(-37).
31
Let k(i) = 2*i**2 + 118*i + 488. Give k(-54).
-52
Let a(d) = -82*d - 5322. What is a(-65)?
8
Let v(k) = -58*k - 1434. Determine v(-25).
16
Let x(i) = -41*i**2 + 1294*i + 1296. Give x(-1).
-39
Let o(q) = q**2 + 25*q + 50. Calculate o(-22).
-16
Let z(n) = n**2 + 14*n + 2. What is z(-7)?
-47
Let s(k) = -98*k - 2082. Calculate s(-26).
466
Let z(l) = l**3 + 29*l**2 + 160*l - 167. What is z(-18)?
517
Let r(c) = 4*c - 50. Determine r(1).
-46
Let z(b) = 31*b - 61. Calculate z(8).
187
Let w(n) = -3*n**3 + 37*n**2 + 44*n + 455. Determine w(14).
91
Let j(p) = p**2 - 93*p + 1856. Give j(64).
0
Let h(u) = 808*u + 46056. What is h(-57)?
0
Let v(l) = -l**2 + 173*l - 2650. What is v(16)?
-138
Let j(z) = 10*z**2 - 7*z + 13. Determine j(5).
228
Let g(h) = -2578*h - 12890. What is g(-5)?
0
Let q(r) = 125*r - 3068. What is q(22)?
-318
Let p(v) = -v**3 + 23*v**2 + 120*v - 327. What is p(27)?
-3
Let k(m) = 4*m**2 + 8*m + 139. Determine k(0).
139
Let j(v) = 445*v + 9267. Give j(-21).
-78
Let s(d) = -d**2 - 348*d + 19459. Give s(-397).
6
Let m(c) = -c**3 + 121*c**2 + 120*c + 214. Determine m(122).
-30
Let o(c) = -c**3 - 234*c**2 - 2239*c + 24. What is o(-10)?
14
Let b(u) = 99*u + 3751. Calculate b(-38).
-11
Let v(g) = -g**3 + 10*g**2 + 20*g - 100. Determine v(11).
-1
Let s(x) = 5*x + 591. Determine s(-67).
256
Let k(a) = 18*a**2 + 6*a + 7. What is k(3)?
187
Let f(g) = -880*g + 895. Give f(1).
15
Let t(d) = -11*d**2 + 2*d + 17. Determine t(-5).
-268
Let q(y) = y**2 + 12*y - 9. Determine q(-19).
124
Let t(r) = -r**2 - 27*r - 256. Determine t(-12).
-76
Let a(f) = -19*f - 63. Calculate a(-5).
32
Let f(w) = -5*w - 279. Determine f(-8).
-239
Let a(p) = -35*p + 869. What is a(25)?
-6
Let g(n) = -n**3 - 33*n**2 - 29*n + 98. Calculate g(-32).
2
Let x(l) = l**3 - l**2 - 25*l + 27. Determine x(5).
2
Let q(p) = 8*p**2 - 11*p + 1. What is q(5)?
146
Let q(m) = 9317*m - 46612. Calculate q(5).
-27
Let k(m) = m**3 - 55*m**2 + 336*m + 78. Give k(48).
78
Let a(b) = 4*b**2 - 143*b - 15. Give a(36).
21
Let f(v) = -23*v + 464. Give f(13).
165
Let s(c) = 3*c**2 - 662*c - 2249. Give s(224).
-9
Let u(i) = -2103*i + 8421. Determine u(4).
9
Let w(l) = l**2 - 217*l + 651. Give w(3).
9
Let q(u) = 1267*u - 15193. What is q(12)?
11
Let v(m) = 932*m - 40081. Determine v(43).
-5
Let f(j) = j**2 - 36*j + 98. Give f(28).
-126
Let g(k) = -12*k + 182. Calculate g(15).
2
Let g(r) = -37*r**2 + 717*r - 2163. Determine g(3).
-345
Let p(t) = -2450*t + 90652. Determine p(37).
2
Let o(v) = -128*v + 8925. Calculate o(69).
93
Let g(f) = 7*f**3 - 40*f**2 + 37*f - 66. What is g(5)?
-6
Let c(w) = -9*w**3 + 741*w + 742. Give c(-1).
10
Let t(s) = -4*s**2 + 297*s - 4239. Determine t(55).
-4
Let o(h) = 4*h - 75. What is o(32)?
53
Let o(m) = -3*m**2 + 61*m + 2352. Give o(40).
-8
Let n(c) = -158*c + 339. What is n(2)?
23
Let k(n) = -754*n - 11289. Give k(-15).
21
Let k(o) = -6*o**2 - 19*o + 8. What is k(-5)?
-47
Let o(z) = -z**3 + 55*z**2 - 205*z + 69. Determine o(51).
18
Let d(j) = -10*j**2 + 18*j + 152. Give d(-7).
-464
Let c(q) = -5*q - 88. Calculate c(-14).
-18
Let r(j) = -2*j**3 - 5*j**2 - 24*j - 22. Give r(-5).
223
Let a(o) = 256*o + 780. What is a(-3)?
12
Let x(u) = 5*u**2 - 26*u - 8. Give x(5).
-13
Let i(m) = -145*m - 768. Give i(-6).
102
Let q(k) = 695*k**2 - 17*k - 26. What is q(-1)?
686
Let v(f) = 1814*f + 18160. Determine v(-10).
20
Let w(b) = 47*b - 7244. Determine w(154).
-6
Let q(l) = 2*l - 338. Calculate q(11).
-316
Let a(w) = -w**3 - 10*w**2 + 18*w + 66. Give a(-11).
-11
Let h(t) = -t**2 - 77*t - 1303. Calculate h(-52).
-3
Let u(m) = -m**2 - 27*m - 47. Determine u(-6).
79
Let n(x) = -602*x - 59. What is n(1)?
-661
Let h(g) = -259*g + 1613. Determine h(6).
59
Let u(p) = -p**3 - 60*p**2 + 1218*p + 125. Calculate u(-76).
-27
Let m(f) = -f**2 + 35*f + 113. Give m(-3).
-1
Let k(v) = -v + 237. Determine k(-6).
243
Let j(h) = h**3 + 13*h**2 + 34*h + 194. Give j(-12).
-70
Let k(b) = b**3 - 160*b**2 - 298*b + 22067. Determine k(161).
10
Let o(u) = -13*u + 168. Determine o(8).
64
Let n(y) = -2*y**3 - 132*y**2 + 135*y + 67. Give n(-67).
0
Let z(q) = -q**2 + 34*q - 236. What is z(16)?
52
Let g(k) = 11*k**2 - 40*k + 19. Give g(1).
-10
Let j(d) = 16*d - 516. Give j(20).
-196
Let g(n) = -2*n**3 - 7*n**2 + n + 3. What is g(-1)?
-3
Let l(t) = 426*t + 8532. What is l(-20)?
12
Let l(m) = 12*m - 277. Calculate l(22).
-13
Let c(a) = -405*a + 2459. Give c(6).
29
Let k(z) = -2*z**3 + 66*z**2 + 142*z - 29. What is k(35)?
41
Let v(s) = -10*s**2 - 116*s + 708. Give v(-16).
4
Let b(g) = 107*g - 1834. Give b(18).
92
Let f(o) = 256*o**3 + o**2 - o - 2. What is f(-1)?
-256
Let p(y) = 2*y**2 + 128*y - 559. Give p(-68).
-15
Let n(h) = -h**3 + 86*h**2 + 150*h + 2231. What is n(88)?
-57
Let t(h) = -28*h**2 - 22*h + 38. What is t(-2)?
-30
Let x(j) = 4*j**2 - 27*j + 8. Calculate x(12).
260
Let t(p) = -65*p + 272. What is t(4)?
12
Let u(g) = -55*g + 1422. Give u(26).
-8
Let h(c) = 2*c**3 - 157*c**2 + 74*c + 273. What is h(78)?
-39
Let g(o) = -o**2 - 16*o + 137. Determine g(-22).
5
Let b(u) = 3*u - 39. Determine b(32).
57
Let z(t) = 40*t + 11751. Determine z(-294).
-9
Let q(w) = 2*w**3 + 44*w**2 + 144*w - 2. Give q(-18).
-2
Let f(s) = -s**3 + 5*s**2 + 34*s + 19. Give f(8).
99
Let u(a) = 23*a - 257. What is u(7)?
-96
Let o(l) = 259*l**2 - 8*l - 1. What is o(1)?
250
Let r(y) = -21*y**3 + 40*y**2 - 37*y - 3. What is r(1)?
-21
Let m(t) = -t**3 + 25*t**2 + 35*t - 1865. Calculate m(23).
-2
Let t(k) = 22*k**2 + 100*k - 878. What is t(-9)?
4
Let z(y) = -653*y + 710. Give z(2).
-596
Let h(b) = 5186*b + 87. Give h(0).
87
Let o(q) = 839*q + 9201. What is o(-11)?
-28
Let q(l) = -l**3 - 71*l**2 - 89*l - 1333. What is q(-70)?
-3
Let d(w) = w**3 - 38*w**2 - 42*w + 1575. Calculate d(38).
-21
Let d(o) = -3*o + 752. Calculate d(90).
482
Let t(i) = i**2 + 189*i - 1941. What is t(10)?
49
Let a(s) = -159*s**2 + 14*s - 36. Give a(2).
-644
Let v(l) = -l**2 + 25*l - 75. Determine v(23).
-29
Let g(h) = -9*h - 17. Give g(-8).
55
Let q(d) = 2*d**3 - 70*d**2 + 436*d - 115. What is q(27)?
-7
Let y(b) = -b**3 + 55*b**2 - 107*b + 63. Calculate y(53).
10
Let i(r) = -34*r**2 - 2078*r - 237. Determine i(-61).
7
Let h(c) = -7*c**2 - 541*c + 2716. What is h(-82)?
10
Let g(j) = j**3 - 12*j**2 - 19*j + 130. Calculate g(12).
-98
Let y(d) = 30*d + 113. Determine y(-5).
-37
Let y(q) = 168*q + 9047. Determine y(-54).
-25
Let i(j) = -79*j**3 - 2*j**2 + 3*j. What is i(-2)?
618
Let r(d) = -4*d**2 - 99*d + 304. Give r(3).
-29
Let x(b) = 20*b**2 - 175*b - 41. Determine x(9).
4
Let q(o) = -o**2 + 88*o + 1205. Calculate q(-12).
5
Let l(p) = -227*p + 14977. Determine l(66).
-5
Let x(f) = -31*f + 516. What is x(16)?
20
Let x(y) = -y**3 - 4*y**2 + 88*y + 471. Calculate x(-7).
2
Let o(d) = -4*d**2 + 484. Determine o(12).
-92
Let b(r) = -r**2 - 76